 What is the hundreds digit of t?
6
What is the thousands digit of ((-8)/2 - -1)/(-5) + 24102/5?
4
Let y(r) = 21 + 32*r**2 + 25 - 1 + 61*r + r**3 - 13. Let g be y(-30). What is the tens digit of g/(-3 + (-79)/(-26))?
5
Let k be (1/2*1)/(2/12). Let y(l) = 6 - 4*l**2 + 3*l**k + 40*l - 77*l + 41*l. What is the units digit of y(3)?
3
Let w be (8 - 7) + 1 + 0. Suppose -4*x = 2*g - 10, -g + 4*x = w - 1. What is the units digit of g*5/((-60)/(-56))?
4
Let w = -700 - -639. Let v = 32 - 19. Let z = v - w. What is the units digit of z?
4
Let m(r) = 60*r**2 + 51*r - 5. Suppose -5*s + 25 = 0, -5*t = 3*s - s - 30. What is the tens digit of m(t)?
5
Let u = -2463 + 10373. What is the tens digit of u?
1
Suppose o - 9211 = -5*m - 3*o, -2*m + 3690 = -4*o. What is the thousands digit of m?
1
Suppose -39 - 11 = -10*c. Let r(z) = 92*z + 45. What is the tens digit of r(c)?
0
Let q(h) = -28*h + 20. Let p be q(-10). Let z = p - 204. Suppose d - z = -2*d. What is the units digit of d?
2
Let z(f) = -72*f**3 + 3*f**2 + 2*f + 1. Let u(k) = 3*k + 10. Let b be u(-4). Let y be z(b). Suppose y = -6*v + 1683. What is the units digit of v?
3
Suppose -2*o + 2194 = -5*f - 1459, 2*o = f + 3633. Suppose -61*m = -62*m + o. What is the thousands digit of m?
1
Let c(v) be the third derivative of -v**6/30 - 2*v**5/15 + 7*v**4/12 + 35*v**3/6 + 27*v**2 - 3. What is the hundreds digit of c(-7)?
9
Suppose -4*k + 735 = k. Suppose h = -0*h + 4, 3*h - 62 = n. Let y = n + k. What is the tens digit of y?
9
Let i be 1/(-3) - 418/(-57). Suppose 2*h = 3 - i, -3*h = -c + 30. Suppose -92 + c = -s. What is the tens digit of s?
6
Let p(v) = 87*v**2 + 105*v - 1665. What is the hundreds digit of p(18)?
4
Suppose -4*r + 20 = -8*r. Let b be (-181)/(-3) + r/15. Suppose -13*o + 17*o = b. What is the tens digit of o?
1
Suppose 81*i = -38028 + 1845786. What is the thousands digit of i?
2
Let t be (16/(-6))/(1/261). Let d = t + 1036. What is the tens digit of d?
4
Let m be 12 - 12 - 60/(-1). Suppose -2*a - m = -80. What is the hundreds digit of 2/a - (6 - 4788/35)?
1
Let a be 1/5 - 6/5 - -2. What is the units digit of 126 + (a + -1)/(6 - 5)?
6
Let j = -60 + 69. Let p(h) = -2*h**2 + 10*h + 19. Let x be p(j). What is the tens digit of x/(1/2*(-2 + 0))?
5
Let g(d) be the third derivative of 2*d**4 + 11*d**3/6 + 139*d**2. What is the units digit of g(14)?
3
Let t(w) = 26*w**2 - 3*w + 13. Let v be t(2). Suppose 1011 = o + v. What is the hundreds digit of o?
9
Let x = -8173 + 14423. What is the thousands digit of x?
6
Suppose g - 5615 = -4*m, 3*g + 2309 - 915 = m. Suppose 0*s - 3*s + 1035 = -5*n, n - m = -4*s. What is the hundreds digit of s?
3
Let q(z) = -16*z - 1. Let h(w) = 33*w + 1. Let k(v) = 2*h(v) + 5*q(v). Let m be 1/(-2)*(4 - (-11 + 13)). What is the units digit of k(m)?
1
Let y = 257945 - 177980. What is the ten thousands digit of y?
7
Let q(r) = 41*r - 126. Suppose 4*z - 10*u - 41 = -5*u, -2*u - 22 = -2*z. What is the hundreds digit of q(z)?
4
What is the tens digit of 14/4 + (-10364985)/(-510)?
2
Let a be ((-2)/(-18)*3)/(16/(-4848)). What is the units digit of (1 - (3 - 3))*-3 - a?
8
Let w = -1288 + 859. Let p = 787 + w. Let o = p - 249. What is the hundreds digit of o?
1
Let g = 171 - 165. What is the hundreds digit of 7452/24 - 3/g?
3
Let u(o) = 3*o**2 - 28*o + 465. What is the thousands digit of u(28)?
2
Suppose 1438892 = 251*s - 192*s. What is the hundreds digit of s?
3
Suppose -26*v - 44 = -15*v. Let n(d) = d**2 - 1. Let l(t) = 2*t**2 + 3*t + 9. Let w(g) = l(g) + 6*n(g). What is the hundreds digit of w(v)?
1
What is the tens digit of ((-19)/(-3) - (-45 - -52))/((-4)/46698)?
8
Suppose -578*v = -490*v - 79700 - 144876. What is the hundreds digit of v?
5
Let y be -4 + 7 + 2 + -2. Let d be y - (5 - 14)*(-1)/3. Suppose d = 6*c + 122 - 1184. What is the hundreds digit of c?
1
Suppose 0 = -a - 4*d + 21123, a + 5493 = -d + 26607. What is the hundreds digit of a?
1
Let j(k) = -k**3 + 7*k**2 + 26*k + 9. Let q(o) = o**3 - 10*o**2 - 27*o - 9. Let m(p) = -2*j(p) - 3*q(p). What is the tens digit of m(14)?
0
What is the thousands digit of ((-4167)/(-6) + 35)/((-2)/(-60))?
1
Let r be ((-40)/(-30))/((-33)/27 + 1). What is the units digit of (-2)/(-4)*r - -115?
2
Suppose 269100 = 14*q - q. Suppose -q = 11*z - 29*z. What is the units digit of z?
0
What is the thousands digit of (25 - (-2398)/(-110))/(1/2510)?
8
Let v(f) be the third derivative of 3*f**5/20 + 2*f**4/3 + 4*f**3 - f**2 - 38. What is the hundreds digit of v(-6)?
2
Let w be 860*(-2 - -1 - (-2 + 3)). Let h = 49 + -44. What is the units digit of (-2)/h*w/8?
6
Let m(o) = 38*o**2 + 599*o - 182. What is the ten thousands digit of m(-47)?
5
Let h be ((-32)/(-12))/((-44)/(-66)). Suppose -4*f = -5*v - 4804, 0 = h*f + 3*v - 2983 - 1789. What is the hundreds digit of f?
1
What is the thousands digit of ((-107504)/10)/((8/14)/((-530)/371))?
6
What is the units digit of (46 + -7 + 11)*(-1 - -2)*982?
0
Let i be (-15)/(-9) - (-3350)/6. Let d = i + 3. What is the units digit of d?
3
Suppose 9 = 2*x + 1. Suppose 3*p + 5*k - 500 = 0, -x*k = -k + 15. Suppose 2*z = -5*n + 141, -5*z - 5*n + 140 = -p. What is the units digit of z?
8
Let z(i) = i**2 + 8*i + 33. Let l be z(-5). Suppose l*n - 14*n = -h + 1146, 2*h = 4*n + 2292. What is the units digit of h?
6
Let u = 15596 + -4310. What is the thousands digit of u?
1
Let b(c) = -c**3 - 3*c**2 + 19*c + 60. Let g be b(-4). Suppose g = -20*f + 1466 + 494. What is the units digit of f?
8
Let s(x) = x + 11. Let k(g) = -g**3 - 11*g**2 - 8*g + 12. Let l be k(-10). Let f be s(l). Suppose -f*w = -b - 439, b + 0 = -4. What is the hundreds digit of w?
1
Let h(r) = -89*r + 54. Let v be (-28)/3 + 100/30 + -3. What is the tens digit of h(v)?
5
What is the tens digit of (23721/(-2))/((-132)/88)?
0
Let q(v) be the first derivative of -4*v**2 + 105*v - 110. What is the units digit of q(12)?
9
Suppose 4*p - 2*p = -l + 109, 0 = -4*p + 2*l + 214. Let x be (0 - 3)/(p/(-72)). Suppose 7*g - t = x*g + 135, 2*g + 3*t = 101. What is the tens digit of g?
4
Let n(g) = 379*g + 5076. What is the tens digit of n(17)?
1
Let x(m) = -3*m**2 + 37*m - 49. Let i be x(11). What is the units digit of (-4785)/(-66)*(-42)/i?
9
Let l be (4/(-6))/(10/(-99855)) + -5. Suppose l = 26*a - 2188. What is the tens digit of a?
4
Let m = 18995 + -7268. What is the hundreds digit of m?
7
Let v(c) be the first derivative of -13*c**3/2 - 3*c**2 + 22*c - 12. Let j(s) be the first derivative of v(s). What is the units digit of j(-2)?
2
Suppose -3*y + 3 = 2*r - 6, -5*y + 3*r = -34. Suppose 0 = 5*v + 5, -395 = -y*f - 3*v + 1217. What is the hundreds digit of f?
3
Let a = 284 + -318. Let f = a + 248. What is the tens digit of f?
1
Suppose 18*m = 21*m + x - 39084, -2*m + x + 26066 = 0. What is the hundreds digit of m?
0
Let d(j) = 2106*j + 1224. Let c(w) = 43*w + 25. Let i(g) = 99*c(g) - 2*d(g). What is the units digit of i(2)?
7
Suppose 62*l - 67*l + 105245 = 5*f, -3*l + 3*f + 63135 = 0. What is the thousands digit of l?
1
Let r be (-10)/(-35) - (4 - (-265686)/(-21)). Suppose -14*w - 20*w + r = 0. What is the tens digit of w?
7
Suppose 19*t = -44 - 70. Let o(w) = w**2 + 5*w - 1. Let h be o(t). Suppose -h = -9*f + 1183. What is the hundreds digit of f?
1
Suppose 0 = -5*f - 67 + 97. Let p(j) = 136*j + 29. What is the units digit of p(f)?
5
Let c(a) = 67*a**2 - 32*a - 401. What is the ten thousands digit of c(-16)?
1
Let q(t) = 158*t**2 + 67*t - 768. What is the tens digit of q(18)?
3
Let v(k) = 17 + 9 + 30*k - 38. Let w be v(12). Suppose 4*b + 4 = 0, 3*g + 4*b - w = -g. What is the units digit of g?
8
Let q = 50 - 45. Suppose -5*i = -3*b - 98, -q*i + 80 = 2*b - 38. Suppose i*l - 355 = 17*l. What is the units digit of l?
1
Suppose 5*z + 10 = -f, 15 = -z + 5*f - 13. Let t(u) = -u**2 - 4*u + 2. What is the units digit of t(z)?
5
Suppose -n + 4 = -3*h, 8*n - 6*n - 6 = 5*h. Let k(o) = -28*o**3 - 3*o**2 - 21*o - 40. What is the units digit of k(n)?
4
Let o(g) = 21 + 83*g**3 - 181*g**3 + 99*g**3 - g**2 - g. Suppose -4*c + 3*c = 0. What is the units digit of o(c)?
1
Suppose d - 17414 = -5*z, 0 = 4*d + 16*z - 15*z - 69618. What is the thousands digit of d?
7
What is the tens digit of -13 + 25198 + (-7 - 4/1)?
7
Let w = 93 + -106. What is the units digit of w/((-455)/(-360))*(-35)/2?
0
Let u = 